(f) = -f - 3. Let b(c) = -c + 4. Let y be b(4). Determine z(y).
-3
Let k(o) = o**2 + 9*o + 16. Let l be k(-7). Let s(y) = y - 1 - 1 + 4 + y**2. Determine s(l).
8
Let p(s) = -s**2 - 2*s + 2. Suppose 7 + 1 = 4*g. Suppose 0 = -x - 2, 0*x + 12 = -g*y - 3*x. What is p(y)?
-1
Let p(r) = -3*r. Let j be p(3). Let h = -14 - j. Let m(o) be the third derivative of -o**6/120 - o**5/10 - 5*o**4/24 - 7*o**3/6 + o**2. Give m(h).
-7
Let l(s) = s**2 + 4*s + 8. Let z = -27 + 21. Calculate l(z).
20
Let d(s) be the second derivative of -s**4/12 + 5*s**3/6 - 3*s**2 - 9*s. Give d(5).
-6
Let c = 34 - 37. Let q(h) = -h - 3. Determine q(c).
0
Let h be (-1 + -7)/(-2 - -3). Let m = h + 14. Let f(b) = -b - m + 0 + 3. What is f(3)?
-6
Let y(q) be the second derivative of q**5/20 - q**4/6 - 5*q**3/6 + q**2 - q. Let b be ((1*-8)/1)/(-2). Suppose b*c = 4 + 8. Determine y(c).
-4
Let l(v) = -v - 12 - 4*v + 4*v. Give l(-8).
-4
Suppose 0 = -4*s + 3*s. Let c(g) = g**3 - g - 6. Give c(s).
-6
Let n = 5 + 22. Let m be n/(-15)*10/(-3). Let v(w) = w**2 - 3*w - 7. Determine v(m).
11
Let f(c) = -2 - 1 + 2 - c - 3. Let z(w) = w**2 + 3*w - 4. Let h be z(-3). What is f(h)?
0
Suppose -3*k + 27 = 9. Let l be 0 - 0 - 2/(-1). Suppose 4 = l*p - k. Let a(c) = -c**3 + 4*c**2 + 6*c - 2. Calculate a(p).
3
Let v(s) = 3*s - 4*s - 3 - s. Let l = -6 - -9. Let y(g) = g**3 - 5*g**2 + 4*g + 1. Let q be y(l). Give v(q).
7
Let g(k) be the first derivative of -1/2*k**2 + 1/6*k**3 + 2*k + 3. Let t(x) be the first derivative of g(x). What is t(-2)?
-3
Let y(d) = 2*d + 8. Let v(o) = -o. Let f(l) = -v(l) - y(l). Determine f(0).
-8
Let l(r) be the first derivative of r**6/120 + r**5/12 + r**4/4 + 5*r**3/6 + 7*r**2/2 - 5. Let c(q) be the second derivative of l(q). Give c(-4).
-3
Let x(l) = 7 + 0*l**3 + 25*l**2 - l**3 - l - 17*l**2. Determine x(8).
-1
Let y(u) = u**3 + 2*u**2 - u + 4. Let f be y(2). Let q(r) = -r**2 + r + 18 - f. What is q(-3)?
-12
Let p(k) = -2*k**2 + 2*k - 13*k**3 + 35 - 20 - 16. What is p(1)?
-14
Let s(w) = -w + 2. Let z(l) be the second derivative of l**5/20 - 5*l**4/6 - l**3/6 + 13*l**2/2 + 3*l. Let y be z(10). Determine s(y).
-1
Let s = -10 + 16. Suppose -s = 12*x - 10*x. Let n(w) = w**2 + 3*w - 2. Determine n(x).
-2
Let d(p) = -p**2 + 2*p + 1. Let y be 30/9 + (-1)/3. Let z be d(y). Let m be 50/15*(-3)/z. Let c(h) = -h**2 + 3*h + 6. Calculate c(m).
-4
Suppose -5*u = -2*l + 7*l + 5, 0 = -4*u - 3*l. Let o(b) = -4*b - 3*b + 3*b - 6 + u*b. Determine o(-7).
1
Let i(v) = v**3 + v**2 - v - 2. Let j = 3 + 3. Let z be 2*(7 + 1 + 0). Let o be z/(-10) + j/(-15). What is i(o)?
-4
Suppose -4*y - 4*f + 4 + 4 = 0, -5*y + 3 = -2*f. Let r(x) = -x + 1. Give r(y).
0
Let k(y) = y**2 - 3*y + 1. Suppose 0 = 4*f - 4*j - 24, 3*j = 5*f - 5 - 21. Calculate k(f).
5
Let u(g) = 7*g - 1. Let k(l) = 36*l - 4. Let i(o) = -2*k(o) + 11*u(o). Let h(t) = -t - 9. Let d be h(-11). Determine i(d).
7
Let y(f) = f**2 + 7*f - 5. Let o(a) = -8*a**3 + a**2 - 1. Let z be o(1). What is y(z)?
3
Let x(l) = -l**2 + 3*l + 2. Suppose -3*h - 1 - 5 = 0. Calculate x(h).
-8
Let z = -2 - -2. Suppose u + 4*u = g - 1, -1 = -g - 4*u. Let j = g - z. Let i(r) = r**3 + 2*r**2 - 2*r + 1. Give i(j).
2
Let u(v) = -v**3 - 3*v**2 + 7*v + 6. Suppose 3*w - 19 = 6*w - 5*d, -4*w + 3*d = 7. Let s = -6 + w. Determine u(s).
-6
Let r(n) = -n + 3. Let s = -2 + 7. Let l = -11 + 6. Let q = s + l. Determine r(q).
3
Let f(c) = 2*c**3 + 15*c**2 - 19*c + 11. Let v(k) = -k**3 - 8*k**2 + 10*k - 5. Let t(z) = 3*f(z) + 5*v(z). Calculate t(-6).
14
Let i(x) = -10*x**2 - 2*x - 7. Let m(s) = -s**2 - s - 2. Let q(t) = -i(t) + 3*m(t). Let k be -2*(1/2)/(-1). Determine q(k).
7
Let d(s) = -6*s - 28. Let c(p) = 2*p + 9. Let k(j) = 7*c(j) + 2*d(j). Give k(-7).
-7
Let w = -3 - -5. Suppose 5*r + 0*t = w*t - 14, r + t = 0. Let m(i) = i**2 + i - 2. Determine m(r).
0
Let b(h) = -h + 13. Let k(g) = g**3 - 6*g**2 + 6*g + 7. Let m be k(5). Suppose -f - f = -m. Determine b(f).
7
Let b(j) = -j. Let h(g) = -5. Let p(t) = -b(t) + h(t). Give p(0).
-5
Let p(u) = 6*u**3 + u**2. Let x be p(1). Let b be (-568)/28 + 2/x. Let s = 14 + b. Let k(m) = m**3 + 5*m**2 - 6*m + 4. Calculate k(s).
4
Let h(m) = 2*m - 5*m - 3*m + 3*m. What is h(1)?
-3
Let d(r) be the second derivative of 2*r - 3*r**2 - 1/12*r**4 + 5/6*r**3 + 0. What is d(5)?
-6
Let v(x) be the third derivative of -x**5/60 - 5*x**4/24 - 5*x**3/6 + 6*x**2. Calculate v(-5).
-5
Let l be (1/(-2))/((-1)/(-14)). Let q be 4/(-14) + 19/l. Let a(r) = -r**2 - 4*r - 4. Determine a(q).
-1
Let b be -1 + 3/(9/21). Let i(x) = 7 - 7*x**2 - 351*x**3 - 2 + 352*x**3 + 4*x. What is i(b)?
-7
Let c be (-9)/(-4) + 1/(-4). Let t(k) = -k**2 - k - 3. Let z(a) = -6*a**2 - a - 18. Let x(p) = -5*t(p) + z(p). Determine x(c).
1
Let j(a) = a**2 + a + 1. Let o(w) = -2*w**2 - 7*w. Let f be (-1)/(-2) + (-1)/(-2). Let m(r) = f*j(r) + o(r). What is m(-3)?
10
Suppose 4*i - 10 = -2*z, 0 = 3*z + i - 4 - 1. Let l(f) = f. Calculate l(z).
1
Suppose -2*v + 2*y = 2, -2*v - 3*v + 2*y = -4. Suppose -6*b = -2*b. Let t = v + b. Let r(q) = -2*q**2. Determine r(t).
-8
Suppose 0 = p + 3*p + 28. Let t(i) = -i - 3. Give t(p).
4
Suppose -35 = 5*h + 35. Let c be 0 - (2 + -2 + h). Suppose 5*w - 4*o = 3*w - c, -w = -5*o + 19. Let n(q) = 8*q**2 + 2*q - 1. Give n(w).
9
Suppose 46*p = 52*p. Let r(g) = -g**3 + g**2 - g - 7. Determine r(p).
-7
Let d = 10 + -9. Let f = 0 - d. Let y(q) = q + 0*q - 3 + 4. What is y(f)?
0
Let r(q) = -4*q**3 - 2*q**3 + 4*q**2 - 3*q + 3*q**3 + 2*q**3. Let f be r(3). Let p be (f + 2 - 5) + -2. Let b(d) = d**2 + 8*d + 4. What is b(p)?
-11
Let s(i) = -i + 3 - 4*i + 6*i - 1. Let v(f) = -f**2 + 5*f. Let w be v(5). Calculate s(w).
2
Let f(k) = 5 - 27 + 11 - 9*k + 10. Give f(1).
-10
Let v be ((-15)/9)/(2/(-6)). Let b(k) = -k + v - 2 - 3 + 5. Determine b(0).
5
Let z = -3 - -8. Suppose 3*q + y = -3*y + 25, -z*q + y + 11 = 0. Let v(m) = -3 - 3 + q - 4 - m. Calculate v(-5).
-2
Let f = -4 - -5. Let x(m) = -m - f + 5 - 5 - m**3 + 14*m**3. Calculate x(-1).
-13
Let a(r) = 394*r - 395*r + 26 - 6. Determine a(9).
11
Let c = -2 - 4. Let z = -11 - c. Let v(u) = u**3 + 4*u**2 - 5*u + 2. Give v(z).
2
Suppose 0 = 8*b + 20 - 60. Let x(u) = -u**2 + 7*u - 2. Give x(b).
8
Let r be -4*(10/(-4))/5. Let q(a) = -r*a**3 - 4*a**3 + 7*a**3 - 5*a**2 - 6*a - 6. Calculate q(6).
-6
Let t = -8 + 12. Suppose -2 = p - t. Let l(h) = -7*h**3 - 2*h**p + 3*h**2 - h - 3*h**2. What is l(-1)?
6
Let v(u) = -u**3 - 5*u**2 + 2. Let w(q) = 45*q. Let h(o) = 5*o. Let d(t) = -35*h(t) + 4*w(t). Let s = -35 - -34. Let x be d(s). What is v(x)?
2
Let f(x) = 4*x**2 + 10*x - 4. Let b(t) = 3*t**2 + 9*t - 3. Let n(w) = -5*b(w) + 4*f(w). Suppose 3*l = 6*l. Suppose l*h = h - 5. Give n(h).
-1
Let c(p) = 3*p**2 - p - 22. Let j(o) = -2*o**2 + o + 15. Let x(g) = -5*c(g) - 7*j(g). Calculate x(-4).
-3
Let s be 16/6 + (-8)/12. Let v(p) be the first derivative of -p**4/4 + 2*p**3/3 + p**2/2 - 2*p + 4. What is v(s)?
0
Let u be (25/(-15))/(1/(-3)). Let g(n) = -4*n - 1 + 3*n + 2 + 5. Determine g(u).
1
Let i(g) = -5*g - 3. Suppose -3*w + 5*x + 51 = -2*w, -w = -4*x - 46. Let u = w - 28. Determine i(u).
7
Suppose -3*c - 25 = -43. Let w(y) = y**3 - 7*y**2 + 7*y + 3. Calculate w(c).
9
Let r(p) = p**2 + 10*p + 9. Let s be r(-8). Let o(c) = c**2 + 11*c + 7. Determine o(s).
-21
Suppose -5*i = -v - 14, 20 = -5*v - 0*v. Suppose -i*k = -x - 3*x + 8, -8 = -2*k. Let g = -5 + x. Let c(w) = 8*w**3 - w**2. Give c(g).
-9
Let p(w) = -10 + 10 + 1 - 13*w**3 + 2*w. What is p(-1)?
12
Let o(m) be the third derivative of m**4/24 - 3*m**3/2 + 13*m**2. Determine o(10).
1
Let y(z) = 5*z**2 - z + 1. Suppose 4*x - 4*v + 2 + 10 = 0, x - 3*v = -13. Calculate y(x).
19
Let d(f) = -2*f - 4*f + 2 + 1 + 8*f - f**2. Calculate d(-2).
-5
Let t(v) = v + 2. Suppose 0 = -4*x - h - 10 - 0, x + 2*h - 1 = 0. Determine t(x).
-1
Let q(d) = 0*d + 2*d**2 - 3*d + 5*d + 3. Suppose -j = -5*z - 9, 2*j + 3*z = j + 1. Let p be 2/j - 15/6. Calculate q(p).
7
Let m be (5/2)/(-1)*2. Let z(p) = -p**2 - 2*p + 4. Determine z(m).
-11
Let v(m) be the first derivative of m**2/2 - 3*m + 12. Give v(2).
-1
Let p(v) be the second derivative of v**8/6720 - v**7/840 + v**6/240 + v**5/120 + v**4/6 - v. Let y(l) be the third derivative of p(l). Give y(3).
10
Let v(y) = -y**2 + 10*y - 3. Let u(i) = -i**2 + 5*i + 5. Let g be u